t(4).
2
Let q(y) = -3*y**2 + 346*y - 1008. Determine q(3).
3
Let t(a) = 13*a - 257. Calculate t(13).
-88
Let t(b) = 98*b**2 + 54*b - 110. Determine t(2).
390
Let k(u) = -54*u - 114. Calculate k(-3).
48
Let w(i) = 21*i**3 - 161*i**2 - i - 18. Determine w(7).
-711
Let k(q) = -q**3 + 6*q**2 + 4*q - 12. What is k(-4)?
132
Let l(p) = 322*p - 651. What is l(2)?
-7
Let a(g) = -95*g + 1296. Calculate a(13).
61
Let q(s) = -9*s**3 + 3*s**2 - 14*s + 9. Give q(1).
-11
Let s(f) = -f**3 - 3*f**2 + 488*f + 2378. Give s(-5).
-12
Let g(v) = 2*v**2 + 50*v - 451. Determine g(7).
-3
Let n(x) = -x**3 + 12*x**2 - 15*x - 23. Determine n(6).
103
Let f(y) = -y**3 + 6*y**2 + 31*y - 184. Give f(5).
-4
Let u(p) = p**3 - 41*p**2 + 169*p + 402. Calculate u(36).
6
Let l(n) = 120*n + 37. Give l(0).
37
Let z(k) = -136*k**2 + k - 14. Give z(-2).
-560
Let i(l) = 3*l**2 + 5*l - 20. Give i(-4).
8
Let x(o) = -3*o**3 + 72*o - 127. Give x(0).
-127
Let t(b) = 5*b**3 - 25*b**2 + 8*b. What is t(5)?
40
Let r(w) = -67*w**2 - 2547*w - 40. Give r(-38).
-2
Let u(b) = -23*b**2 + 4*b + 15. Calculate u(-2).
-85
Let m(a) = -a**3 - 57*a**2 - 304*a + 102. Determine m(-51).
0
Let k(r) = -r**2 + 43*r + 2533. What is k(-33)?
25
Let m(r) = -51*r - 5402. Determine m(-106).
4
Let t(p) = 60*p + 184. Calculate t(-2).
64
Let u(v) = 14*v**2 - 89*v + 280. Determine u(3).
139
Let k(l) = 118*l - 305. What is k(-5)?
-895
Let c(w) = -4*w**2 + 62*w + 47. Determine c(15).
77
Let q(k) = k**3 - 10*k**2 - 97*k. What is q(-6)?
6
Let t(d) = -50*d + 152. What is t(3)?
2
Let x(q) = -2*q + 129. Calculate x(81).
-33
Let r(q) = -79*q**2 + 591*q + 331. Calculate r(8).
3
Let k(p) = -9613*p - 13. What is k(0)?
-13
Let x(l) = 8*l**2 + 125*l - 128. Determine x(1).
5
Let h(r) = 2*r**2 + 35*r + 89. Calculate h(-14).
-9
Let c(d) = 408*d + 8257. Determine c(-20).
97
Let p(x) = x**3 + 3*x**2 - 27*x - 18. Determine p(-6).
36
Let w(l) = 15*l**3 + 734*l**2 - 51*l - 133. Give w(-49).
-35
Let x(v) = -165*v - 1443. What is x(-9)?
42
Let a(s) = s**2 + 150*s + 3582. Calculate a(-30).
-18
Let p(u) = 94*u**2 + 3104*u + 62. Calculate p(-33).
-4
Let q(d) = -6*d**2 + 81*d - 47. Give q(15).
-182
Let h(u) = -25*u - 40. What is h(-2)?
10
Let m(l) = l**2 - 35*l + 92. Determine m(27).
-124
Let l(s) = 2*s**2 - 186*s + 860. Give l(5).
-20
Let q(d) = d**3 - 58*d**2 + 62*d - 262. Calculate q(57).
23
Let f(z) = 3*z**3 - 19*z**2 - 17*z + 91. Calculate f(7).
70
Let x(w) = -580*w - 5301. Give x(-9).
-81
Let m(d) = d**2 - 29*d - 209. Give m(37).
87
Let r(w) = 46891*w - 187553. Give r(4).
11
Let s(a) = 3*a**2 - 34*a + 97. Calculate s(8).
17
Let r(p) = 3*p**2 + 2*p + 29. What is r(-7)?
162
Let s(o) = -o**3 + 17*o**2 - 61*o - 52. Calculate s(11).
3
Let y(m) = 31*m - 700. Determine y(22).
-18
Let m(o) = -o**2 + 18*o - 138. What is m(12)?
-66
Let t(q) = q**3 + 14*q**2 - 172*q - 63. Give t(8).
-31
Let t(u) = -27*u**2 + 3659*u - 1884. Determine t(135).
6
Let u(c) = -11*c - 75. Calculate u(8).
-163
Let z(j) = -3*j**3 - 57*j**2 - 221*j - 7. What is z(-5)?
48
Let k(i) = i**3 - 8*i**2 - 21*i + 75. Determine k(9).
-33
Let m(h) = 50*h + 1650. Determine m(-42).
-450
Let k(b) = -9*b - 72. Give k(-24).
144
Let c(h) = h**3 - 15*h**2 + 14*h + 36. What is c(14)?
36
Let k(i) = 728*i - 5090. Determine k(7).
6
Let q(x) = 3*x**3 + 14*x**2 + 15*x + 9. Calculate q(-3).
9
Let n(b) = 15*b**3 + 2*b**2 - 1004*b - 1006. Calculate n(-1).
-15
Let h(w) = -38*w - 2280. Give h(-60).
0
Let n(q) = 23*q + 2347. Calculate n(-77).
576
Let o(a) = -16861*a + 33703. Determine o(2).
-19
Let t(p) = -22*p - 1776. Give t(-81).
6
Let a(x) = 66*x - 52. Calculate a(0).
-52
Let u(o) = 245*o - 116. Give u(3).
619
Let j(t) = -t**3 + 53*t**2 - 71*t + 976. Determine j(52).
-12
Let c(j) = -j**2 + 69*j - 260. Determine c(6).
118
Let k(g) = 2013*g + 14084. What is k(-7)?
-7
Let s(q) = 105*q**3 - 5*q**2 - 13*q. Determine s(-2).
-834
Let w(y) = y**3 - 30*y**2 + 67*y - 2012. Calculate w(30).
-2
Let a(g) = -2843*g + 2850. Determine a(1).
7
Let s(o) = -o**2 - 17*o - 74. Give s(-21).
-158
Let h(a) = -a**3 + 16*a**2 - 13*a - 203. Give h(14).
7
Let u(z) = z**3 - 41*z**2 - 125*z - 302. Calculate u(44).
6
Let m(x) = -5*x**2 - 234*x - 49. What is m(-45)?
356
Let q(h) = 2*h**2 + 835*h + 15148. Calculate q(-19).
5
Let z(o) = -o**2 - 12*o + 1196. Calculate z(29).
7
Let f(i) = -112*i**2 - 50*i + 13. What is f(-3)?
-845
Let g(u) = -66*u - 232. What is g(-3)?
-34
Let s(g) = 2*g**3 + 181*g**2 - 107*g - 1449. Calculate s(-91).
7
Let w(y) = -55*y**2 + 717*y - 12. Give w(13).
14
Let p(k) = -3*k**2 - 64*k + 39. Calculate p(-21).
60
Let s(h) = -131*h**3 + 19*h**2 - 20*h + 2. What is s(1)?
-130
Let q(l) = 124*l - 5012. Give q(39).
-176
Let i(y) = 3*y**2 - 137*y + 1150. What is i(9)?
160
Let r(z) = -4*z**3 + 54*z**2 - 109*z - 12. Give r(11).
-1
Let s(v) = v**2 - 9*v - 81. Calculate s(-10).
109
Let m(r) = -r**3 - 41*r**2 + 274*r - 5. Determine m(6).
-53
Let q(a) = 38*a - 952. What is q(27)?
74
Let s(q) = -12*q**3 + 239*q**2 + 21*q - 9. Calculate s(20).
11
Let c(g) = 22*g**2 + 446*g - 16. Calculate c(-20).
-136
Let k(d) = d**3 - 22*d**2 + 81*d + 351. Calculate k(10).
-39
Let f(w) = -w**3 + 27*w**2 + 12*w - 299. Calculate f(27).
25
Let v(d) = -2*d. Calculate v(-19).
38
Let w(k) = 40*k + 804. Determine w(-32).
-476
Let k(p) = -p**3 + 23*p**2 - 107*p + 552. Determine k(19).
-37
Let m(j) = j**2 - 22*j - 26. Calculate m(16).
-122
Let q(z) = -z**2 - 4*z + 11. Give q(-16).
-181
Let k(n) = 90*n**2 - n - 4. Calculate k(-2).
358
Let s(b) = b**3 - 128*b**2 + 4090*b - 179. Calculate s(61).
4
Let g(q) = q**3 - 47*q**2 - 368*q + 10. Give g(54).
550
Let l(b) = -b**2 + 7*b - 22. Give l(7).
-22
Let t(k) = k**3 + 8*k**2 - 43*k - 301. What is t(-9)?
5
Let i(y) = y**2 - 38*y - 179. Determine i(42).
-11
Let t(r) = -4*r**2 - 30*r + 42. What is t(7)?
-364
Let z(c) = 5*c**3 - 3*c**2 + 9*c + 28. Calculate z(-2).
-42
Let u(k) = k**2 - 34*k - 1608. Give u(-26).
-48
Let w(o) = -7*o**2 - 128*o + 526. What is w(4)?
-98
Let b(q) = 16*q - 1035. What is b(63)?
-27
Let a(s) = 387*s + 39091. What is a(-101)?
4
Let t(j) = 3*j**2 + 90*j - 19. Give t(-30).
-19
Let x(p) = 101*p + 18. Give x(-5).
-487
Let c(j) = -8*j**3 - 2*j**2 + 115*j - 114. Calculate c(1).
-9
Let j(v) = 41*v - 338. Give j(8).
-10
Let n(v) = 15*v + 2. Give n(0).
2
Let a(l) = l**2 - 4*l + 4. Give a(3).
1
Let a(y) = -y**2 + 85*y + 46. Calculate a(85).
46
Let i(f) = 4*f**3 + 72*f**2 + 131*f. Give i(-2).
-6
Let z(y) = -370*y - 89184. Determine z(-241).
-14
Let w(i) = -i**2 + 666*i - 17277. Calculate w(27).
-24
Let r(a) = -3*a - 3. What is r(8)?
-27
Let p(a) = -a**2 + 46*a + 196. Determine p(48).
100
Let v(y) = y**3 + 15*y**2 - 30*y + 41. What is v(-17)?
-27
Let u(v) = -v**3 - 39*v**2 + 11*v + 306. Give u(-39).
-123
Let r(w) = w**2 - 3*w + 176. What is r(7)?
204
Let p(r) = -98*r - 353. What is p(-3)?
-59
Let p(n) = 3*n**2 + 129*n - 418. What is p(-46)?
-4
Let s(a) = 41*a + 742. What is s(-17)?
45
Let i(v) = -91*v - 657. Give i(-7).
-20
Let f(o) = 37*o + 17. What is f(2)?
91
Let g(z) = z**2 - 61*z - 1950. Give g(83).
-124
Let t(o) = -170*o + 23. Determine t(2).
-317
Let b(i) = -9*i**2 - 197*i - 42. Determine b(-19).
452
Let q(x) = 2*x**3 + 17*x**2 + 5*x + 22. Determine q(-7).
134
Let k(q) = q**2 + 137*q + 1958. Give k(-121).
22
Let b(u) = -u**2 + 44*u - 498. Determine b(26).
-30
Let v(n) = 4*n**2 - 72*n - 58. Calculate v(14).
-282
Let a(k) = k**3 + 13*k + 21. Calculate a(-2).
-13
Let h(u) = -334*u - 8685. Give h(-26).
-1
Let m(f) = -496*f + 72452. Calculate m(146).
36
Let b(r) = 17*r**2 + 142*r + 11. Determine b(-7).
-150
Let g(j) = -1690*j - 98014. Give g(-58).
6
Let z(x) = 2*x**3 + 16*x**2 + 13*x - 2. Determine z(-4).
74
Let z(h) = -h**2 + 110*h - 1652. What is z(18)?
4
Let i(u) = -u**2 + 25*u + 1799. Calculate i(57).
-25
Let g(h) = -h**2 + 7*h - 155. What is g(13)?
-233
Let j(r) = -r**3 - 2*r**2 + 19*r - 46. Calculate j(4).
-66
Let w(o) = -100*o - 88. Determine w(0).
-88
Let r(z) = 75*z + 821. Determine r(-11).
-4
Let q(z) = z**3 - 11*z**2 + 10*z - 5. Calculate q(11).
105
Let b(o) = -o**3 - 46*o**2 + 42*o - 257. Determine b(-47).
-22
Let u(p) = 11*p + 443. What is u(-40)?
3
Let g(c) = 115*c - 1612. What is g(14)?
-2
Let l(j) = 51*j - 235. What is l(4)?
-31
Let u(b) = -6*b**2 + 191*b + 591. Calculate u(-3).
-36
